ose -5*l = -3*p + 14, 2*l + 98 = 102. Calculate the remainder when 30 is divided by g(p).
14
Suppose -4*j + 640 - 84 = 0. Suppose -10 = 5*f + 5, 0 = -5*i - 2*f + j. Calculate the remainder when i is divided by 10.
9
Suppose -l - 6 + 4 = -2*x, -4*x - 2 = -5*l. What is the remainder when 33 is divided by x?
1
Suppose -89 = f - 7. Calculate the remainder when (-2 - (-3 - 0))/((-2)/f) is divided by 6.
5
What is the remainder when (-2202)/(-10) + ((-27)/(-15))/(-9) is divided by 6?
4
Let k(v) = 2*v - 19. Let h = 94 + -74. Calculate the remainder when 98 is divided by k(h).
14
Suppose -2 = -l, 5*l + 4 + 19 = 3*m. Suppose 0 = -5*j + m*j - 156. Calculate the remainder when 49 is divided by j.
23
Calculate the remainder when 4/32*(-42)/7*-36 is divided by 20.
7
Suppose 58 = 4*y + 10. Let c(p) = 2*p**3 - 6*p**2 + 2*p + 6. Suppose 13*x - 24 = 7*x. Calculate the remainder when c(x) is divided by y.
10
Let i(j) = -5*j**2 + 23*j - 4. Let a(t) = -t**2 - 1. Let u(x) = -4*a(x) + i(x). Let w be u(21). Let k = w + -7. Calculate the remainder when 67 is divided by k.
32
Let a = -11 + 13. Suppose -2*w = -3*p - 45, 2*p + 30 = w - a*w. Calculate the remainder when 96/p*(0 - 5) is divided by 17.
15
What is the remainder when -1*(828/(-6) + 1) is divided by 40?
17
Let d = -109 - -353. Suppose -d = -4*q + 3*a, 3*a = -10 - 2. What is the remainder when 287 is divided by q?
55
Let u = -971 + 983. Let a = 17 + -10. Calculate the remainder when u is divided by a.
5
Let i = 538 - 491. What is the remainder when 105 is divided by i?
11
Let o = -440 + 476. What is the remainder when 141 is divided by o?
33
Let m be (-4)/16 - (-69)/(-12). What is the remainder when ((-15)/m)/((-1)/(-2)) is divided by 5?
0
Suppose 2*r = 3*y + 227, 4*r - 3*y - 333 - 106 = 0. Suppose 23 = -3*n - s + 109, -3*s = -15. Calculate the remainder when r is divided by n.
25
Calculate the remainder when 362 is divided by 20148/161 - 5/35.
112
Let b = -3 - 4. Let z be 1/b - (-200)/28. Let q = 7 + z. Calculate the remainder when 55 is divided by q.
13
Suppose 4*u - 4*w - 16 = 0, 0*u + 5*u = 2*w + 17. Suppose 2*f + 675 = u*h - 0*f, h - 4*f - 215 = 0. What is the remainder when h is divided by 57?
56
Let m = 56 - -71. Let v = 22 + 4. What is the remainder when m is divided by v?
23
Let g be (4/6)/(6/279). Let r = 37 - g. Suppose 0 = 2*s + 16 - 62. What is the remainder when s is divided by r?
5
Let v(g) = 11*g. Let q be v(6). Let d(y) = -y**2 + 11*y. Let c be d(11). Suppose 3*m = -c*m + q. What is the remainder when m is divided by 8?
6
Suppose 75*v - 6202 = 3127 + 1846. Calculate the remainder when v is divided by (1 - -29)/(1 - 0).
29
Let y(f) = -f. Suppose z - 75 = 5*z + 3*x, 5*z - 3*x = -87. Let o(u) = u**3 + 18*u**2 - 2*u - 22. Calculate the remainder when o(z) is divided by y(-5).
4
Let l = 13 - 11. Let f = l - 0. Calculate the remainder when 2 is divided by f.
0
Suppose 11*r + 5210 = 6904. Calculate the remainder when r is divided by 69.
16
Let t(x) = x**3 + 7*x**2 - 31*x + 25. What is the remainder when t(-8) is divided by 43?
37
Suppose -7*u - 252 = -u. Calculate the remainder when u/((-22)/16 + 1) is divided by 19.
17
Let v(s) = -10*s - 1. Let g(d) = 11*d - 9. Let h = 16 - 13. Calculate the remainder when g(h) is divided by v(-1).
6
Suppose p - 91 = -5*s, -s + 4*s - 5*p - 49 = 0. Let x be (3/((-12)/(-7)))/((-6)/(-24)). Let l = 42 - x. Calculate the remainder when l is divided by s.
17
Let i = 277 - 187. Calculate the remainder when i is divided by 48.
42
Let m(c) = 6*c - 5*c - c - 6 + 4*c. Suppose 2*h - 3*q + 0 = -3, -5*q + 21 = 2*h. What is the remainder when 29 is divided by m(h)?
5
Let c be 69/15 - ((-8)/(-5) - 2). Suppose c*f = -0*f + h + 272, -f = -3*h - 46. What is the remainder when f is divided by 19?
17
Let x(k) = -k**3 + 18*k**2 - 16*k - 47. What is the remainder when x(12) is divided by 55?
20
Let i(f) = f**3 - f - 7. Calculate the remainder when 237 is divided by i(3).
16
Suppose -97 = -4*o - 3*i, -o - 3*i + 0*i = -31. Let z = 9 + 0. Suppose z = 2*y - l - 1, 5*l = 10. Calculate the remainder when o is divided by y.
4
Suppose a = -2*f + 109, 2*f - 10*a - 124 = -6*a. Calculate the remainder when 105 is divided by f.
49
Suppose 2*t - 1151 + 194 = -3*y, 5*y - 1595 = 3*t. What is the remainder when y is divided by (-219)/146*(2 + 172/(-6))?
39
Suppose -3*v = -2*n + 19, 3 = -7*v + 8*v. Calculate the remainder when n is divided by 11.
3
Suppose -3*j + 240 - 85 = -b, 0 = -j - 2*b + 47. Let c(h) = 3*h**3 + 12*h**2 - 54*h - 202. What is the remainder when j is divided by c(-4)?
9
What is the remainder when 33 is divided by (0 - -1)/(-12 + (-305)/(-25))?
3
Let f(h) = 53*h + 1. Let s be f(3). Let g = -6 - -12. Suppose -s = 2*x - g*x. What is the remainder when x is divided by 21?
19
Suppose 63 = 4*g + g + 2*d, -48 = -4*g - d. Suppose 124 + g = 3*i. Let b = -29 + i. What is the remainder when 29 is divided by b?
13
Let b = 24 + -51. Suppose -4*q = q - 10. Calculate the remainder when (-60)/b - (-2)/(-9) is divided by q.
0
Suppose -c + 57 = -44. Suppose -c = -39*b + 38*b. What is the remainder when b is divided by 15?
11
Suppose -x + 8*x = 399. What is the remainder when x is divided by 10?
7
Suppose 24*l = 29*l - 45. Suppose 0 = 12*u - 6*u - 90. Calculate the remainder when u is divided by l.
6
Let i(h) = h**3 - 13*h**2 + 41*h + 9. What is the remainder when 47 is divided by i(8)?
13
Let s(a) = 38*a**2 + 2*a + 2. Calculate the remainder when s(-1) is divided by (-5)/2*(-8)/2.
8
Let g = -913 - -1806. What is the remainder when g is divided by 13?
9
Let k(o) = o**3 + 49*o**2 - 42*o + 422. What is the remainder when 942 is divided by k(-50)?
18
Suppose -f + 4*f - 357 = 0. Let w = -44 + 68. What is the remainder when f is divided by w?
23
Let n(f) = -f + 13. Let y be n(13). Suppose -4 = 4*h - y. What is the remainder when (h/(-2))/((-4)/(-720)) is divided by 23?
21
Suppose 2*i + 28*p = 30*p + 1626, 2464 = 3*i + 2*p. Calculate the remainder when i is divided by 21.
20
Suppose -2*f - 5 = -3*f. Suppose 5*x = -a + f*a + 64, 5*x - 68 = 3*a. What is the remainder when 95 is divided by x?
15
Let q be (-38)/(33/(-9) + 3). Suppose s + 2*i = 9 + q, -129 = -2*s - i. What is the remainder when s is divided by 17?
13
Let h be 2*1/4*-58. Let i = 5 + h. Let y = i + 41. Calculate the remainder when y is divided by 5.
2
Suppose -384 = -7*o + 1. Calculate the remainder when 273 is divided by o.
53
Let o = 5 + 8. Let n = -41 - -45. Suppose 190 = f + n*f. Calculate the remainder when f is divided by o.
12
What is the remainder when 349 is divided by (-13)/8*(-9 + (1 - 0))?
11
Let d(i) = 6*i - 52. Let n be d(10). Suppose 6 = 2*p - n. What is the remainder when 24 is divided by p?
3
Let p(v) = -41*v - 5. Suppose -26 = -o - 0*o. Suppose -r + o = r. Calculate the remainder when p(-1) is divided by r.
10
Suppose -59*d + 784 = -45*d. What is the remainder when 219 is divided by d?
51
Let j(i) = -i - 8. Suppose 4*v - 24 = 4*n + 36, -3*n - 2*v = 60. What is the remainder when 139 is divided by j(n)?
9
Calculate the remainder when 137 is divided by (2 - 6)/((-94)/141).
5
Suppose -23*o = -28*o - 2*z + 199, -o - 5*z + 26 = 0. What is the remainder when o is divided by 14?
13
Let a(b) = b + 49. Calculate the remainder when 227 is divided by a(-10).
32
Suppose 0*j - 5*v - 136 = -3*j, 5*j = -3*v + 170. Calculate the remainder when j is divided by 32.
5
Let r(g) = 2*g**2 - 2*g + 1. Suppose 3*f = 4*w + 96, -2*f - 2*f - 5*w = -97. What is the remainder when f is divided by r(2)?
3
Let h = 8 - -3. Let u be 357/42 - (-2)/(-4). What is the remainder when u/(-2*1/(-5)) is divided by h?
9
Suppose -7*n + 33 = -380. What is the remainder when n is divided by 20?
19
Suppose -4*d - 5*n + 148 = 0, -3*d + 24 = 5*n - 92. What is the remainder when d is divided by (102/(-9))/((-2)/3)?
15
Let q(t) = -201*t + 26. Let a = 19 + -6. Calculate the remainder when q(0) is divided by a.
0
What is the remainder when 413 is divided by (30/10)/(3/46)?
45
Suppose 3*k + k = 8. Suppose -4*h - k*p = -130, -2*p + 40 = h - 0*h. Calculate the remainder when 89 is divided by h.
29
What is the remainder when 644 is divided by (12/(-81))/2 - (-4380)/81?
50
Let j(n) = -n**3 + 13*n**2 + n - 4. Let v(i) = -i**3 - i**2 - 12*i - 9. Calculate the remainder when v(-4) is divid